{"id":883,"date":"2022-12-01T19:49:04","date_gmt":"2022-12-01T18:49:04","guid":{"rendered":"https:\/\/riskcompass.info\/materialis\/"},"modified":"2026-04-18T23:15:27","modified_gmt":"2026-04-18T21:15:27","slug":"materialis","status":"publish","type":"page","link":"https:\/\/riskcompass.info\/","title":{"rendered":"Front Page"},"content":{"rendered":"<!-- wp:extendstudio\/materialis--><!-- \/wp:extendstudio\/materialis--><!-- CloudPress Companion Preview Data START --><!-- wp:extendstudio\/materialis--><!-- \/wp:extendstudio\/materialis--><!-- wp:extendstudio\/materialis--><div  id=\"latest-news-1\" data-label=\"Latest-news\" data-id=\"latest-news-1-materialis\" data-export-id=\"latest-news-1-materialis\" data-category=\"latest_news\" class=\"latest-news-1-materialis content-section content-section-spacing-large content-relative dark-text\" data-section-ov=\"1\" style=\"background-image: none; background-color: rgb(255, 255, 255);\"><div  class=\"gridContainer\"> <div  class=\"row\"><div  data-type=\"column\" class=\"section-title-col\">  <\/div> <\/div> <div  class=\"row content-left-sm\"> <div  data-type=\"row\" data-dynamic-columns=\"handled\" data-content-shortcode=\"materialis_latest_news posts=&quot;6&quot; columns=&quot;4&quot; \" data-max-items=\"4\">\t\t<div class=\"row materialis-latest-news\">\n\t\t\t\t\t<div id=\"post-418247\" class=\"col-sm-6 col-md-4 space-bottom space-bottom-xs\">\n\t\t\t\t\t<div class=\"post-content no-padding  mdc-card overflow-hidden mdc-elevation--z2 latest-news-layout-cards\">\n\t\t\t\t\t<div class=\"\">\n\t\t\t\t    <div class=\"post-thumbnail\">\n        <a href=\"https:\/\/riskcompass.info\/?p=418247\" class=\"post-list-item-thumb \">\n            <img loading=\"lazy\" decoding=\"async\" width=\"1232\" height=\"688\" src=\"https:\/\/riskcompass.info\/wp-content\/uploads\/2026\/04\/photo_2026-04-15-19.38.36-1232x688.jpeg\" class=\"attachment-post-thumbnail size-post-thumbnail wp-post-image\" alt=\"\" srcset=\"https:\/\/riskcompass.info\/wp-content\/uploads\/2026\/04\/photo_2026-04-15-19.38.36-1232x688.jpeg 1232w, https:\/\/riskcompass.info\/wp-content\/uploads\/2026\/04\/photo_2026-04-15-19.38.36-300x167.jpeg 300w, https:\/\/riskcompass.info\/wp-content\/uploads\/2026\/04\/photo_2026-04-15-19.38.36-1024x572.jpeg 1024w, https:\/\/riskcompass.info\/wp-content\/uploads\/2026\/04\/photo_2026-04-15-19.38.36-768x429.jpeg 768w, https:\/\/riskcompass.info\/wp-content\/uploads\/2026\/04\/photo_2026-04-15-19.38.36-1536x857.jpeg 1536w, https:\/\/riskcompass.info\/wp-content\/uploads\/2026\/04\/photo_2026-04-15-19.38.36-2048x1143.jpeg 2048w, https:\/\/riskcompass.info\/wp-content\/uploads\/2026\/04\/photo_2026-04-15-19.38.36-1920x1072.jpeg 1920w\" sizes=\"auto, (max-width: 1232px) 100vw, 1232px\" \/>        <\/a>\n    <\/div>\n    \t\t\t<\/div>\n\t\t\n\t\t<div class=\"post-content-body col-padding  \">\n\t\t\t\t\t\t\t<div class=\"space-bottom-small\">\n\t\t\t\t\t<a href=\"https:\/\/riskcompass.info\/?cat=1\"  class=\"button color5 link \">Allgemein<\/a>\t\t\t\t<\/div>\n\t\t\t\n\t\t\t<h4 class=\"latest-news-item-title\">\n\t\t\t\t<a href=\"https:\/\/riskcompass.info\/?p=418247\" rel=\"bookmark\">\n\t\t\t\t\tLufthansa-Streiks treffen Gesch\u00e4ftsreisende hart: Schlichtung gescheitert, weitere Ausf\u00e4lle drohen\t\t\t\t<\/a>\n\t\t\t<\/h4>\n\n\t\t\t\n\t\t\t<div class=\"latest-news-item-excerpt\">\n\t\t\t\t<p>Die deutsche Luftfahrtbranche kommt nicht zur Ruhe. Gesch\u00e4ftsreisende m\u00fcssen sich auch Mitte April 2026 auf[&hellip;]<\/p>\n\t\t\t<\/div>\n\n\n\t\t<\/div>\n\t\t\t\t\t\t\t<div class=\"mdc-card__actions box-padding-lr-small text-dark\">\n\t\t\t\t<div class=\"mdc-card__action-icons col-xs-12 text-dark col-sm-fit no-padding-left\">\n\t\t\t\t\t\t<a class=\"post-footer-link\" href=\"https:\/\/riskcompass.info\/?p=418247\">\n\t\t<i class=\"mdi small mdi-comment-outline mdc-card__action mdc-card__action--icon color-darkgray\" title=\"Comments\"><\/i>\n\t\t<span class=\"post-footer-value\">0<\/span>\n\t<\/a>\n\t<a class=\"post-footer-link\" href=\"https:\/\/riskcompass.info\/?p=418247\">\n\t\t<i class=\"mdi small mdi-clock mdc-card__action mdc-card__action--icon color-darkgray\" title=\"Post Time\"><\/i>\n\t\t<span class=\"post-footer-value\">16. April 2026<\/span>\n\t<\/a>\n\t\t\t\t\t<\/div>\n\t\t\t\t<div class=\"mdc-card__action-buttons col-xs-12 col-sm-fit no-padding\">\n\t\t\t\t\t<a href=\"https:\/\/riskcompass.info\/?p=418247\" class=\"button color2 link\">Weiterlesen<\/a>\n\t\t\t\t<\/div>\n\t\t\t<\/div>\n\t\t\t<\/div>\n\t\t\t\t<\/div>\n\t\t\t\t\t\t<div id=\"post-418243\" class=\"col-sm-6 col-md-4 space-bottom space-bottom-xs\">\n\t\t\t\t\t<div class=\"post-content no-padding  mdc-card overflow-hidden mdc-elevation--z2 latest-news-layout-cards\">\n\t\t\t\t\t<div class=\"\">\n\t\t\t\t    <div class=\"post-thumbnail\">\n        <a href=\"https:\/\/riskcompass.info\/?p=418243\" class=\"post-list-item-thumb \">\n            <img loading=\"lazy\" decoding=\"async\" width=\"1232\" height=\"688\" src=\"https:\/\/riskcompass.info\/wp-content\/uploads\/2026\/04\/photo_2026-04-15-19.21.56-1232x688.jpeg\" class=\"attachment-post-thumbnail size-post-thumbnail wp-post-image\" alt=\"\" srcset=\"https:\/\/riskcompass.info\/wp-content\/uploads\/2026\/04\/photo_2026-04-15-19.21.56-1232x688.jpeg 1232w, https:\/\/riskcompass.info\/wp-content\/uploads\/2026\/04\/photo_2026-04-15-19.21.56-300x167.jpeg 300w, https:\/\/riskcompass.info\/wp-content\/uploads\/2026\/04\/photo_2026-04-15-19.21.56-1024x572.jpeg 1024w, https:\/\/riskcompass.info\/wp-content\/uploads\/2026\/04\/photo_2026-04-15-19.21.56-768x429.jpeg 768w, https:\/\/riskcompass.info\/wp-content\/uploads\/2026\/04\/photo_2026-04-15-19.21.56-1536x857.jpeg 1536w, https:\/\/riskcompass.info\/wp-content\/uploads\/2026\/04\/photo_2026-04-15-19.21.56-2048x1143.jpeg 2048w, https:\/\/riskcompass.info\/wp-content\/uploads\/2026\/04\/photo_2026-04-15-19.21.56-1920x1072.jpeg 1920w\" sizes=\"auto, (max-width: 1232px) 100vw, 1232px\" \/>        <\/a>\n    <\/div>\n    \t\t\t<\/div>\n\t\t\n\t\t<div class=\"post-content-body col-padding  \">\n\t\t\t\t\t\t\t<div class=\"space-bottom-small\">\n\t\t\t\t\t<a href=\"https:\/\/riskcompass.info\/?cat=210\"  class=\"button color5 link \">Analysen<\/a><span class='has-more-categories'>[&hellip;]<\/span>\t\t\t\t<\/div>\n\t\t\t\n\t\t\t<h4 class=\"latest-news-item-title\">\n\t\t\t\t<a href=\"https:\/\/riskcompass.info\/?p=418243\" rel=\"bookmark\">\n\t\t\t\t\tGesch\u00e4ftsreisebudgets im globalen Vergleich: USA und China dominieren, Deutschland auf Platz drei\t\t\t\t<\/a>\n\t\t\t<\/h4>\n\n\t\t\t\n\t\t\t<div class=\"latest-news-item-excerpt\">\n\t\t\t\t<p>Die globalen Ausgaben f\u00fcr Gesch\u00e4ftsreisen konzentrieren sich zunehmend auf wenige, wirtschaftlich starke Nationen. Eine aktuelle[&hellip;]<\/p>\n\t\t\t<\/div>\n\n\n\t\t<\/div>\n\t\t\t\t\t\t\t<div class=\"mdc-card__actions box-padding-lr-small text-dark\">\n\t\t\t\t<div class=\"mdc-card__action-icons col-xs-12 text-dark col-sm-fit no-padding-left\">\n\t\t\t\t\t\t<a class=\"post-footer-link\" href=\"https:\/\/riskcompass.info\/?p=418243\">\n\t\t<i class=\"mdi small mdi-comment-outline mdc-card__action mdc-card__action--icon color-darkgray\" title=\"Comments\"><\/i>\n\t\t<span class=\"post-footer-value\">0<\/span>\n\t<\/a>\n\t<a class=\"post-footer-link\" href=\"https:\/\/riskcompass.info\/?p=418243\">\n\t\t<i class=\"mdi small mdi-clock mdc-card__action mdc-card__action--icon color-darkgray\" title=\"Post Time\"><\/i>\n\t\t<span class=\"post-footer-value\">16. April 2026<\/span>\n\t<\/a>\n\t\t\t\t\t<\/div>\n\t\t\t\t<div class=\"mdc-card__action-buttons col-xs-12 col-sm-fit no-padding\">\n\t\t\t\t\t<a href=\"https:\/\/riskcompass.info\/?p=418243\" class=\"button color2 link\">Weiterlesen<\/a>\n\t\t\t\t<\/div>\n\t\t\t<\/div>\n\t\t\t<\/div>\n\t\t\t\t<\/div>\n\t\t\t\t\t\t<div id=\"post-418225\" class=\"col-sm-6 col-md-4 space-bottom space-bottom-xs\">\n\t\t\t\t\t<div class=\"post-content no-padding  mdc-card overflow-hidden mdc-elevation--z2 latest-news-layout-cards\">\n\t\t\t\t\t<div class=\"\">\n\t\t\t\t    <div class=\"post-thumbnail\">\n        <a href=\"https:\/\/riskcompass.info\/?p=418225\" class=\"post-list-item-thumb \">\n            <img loading=\"lazy\" decoding=\"async\" width=\"1232\" height=\"688\" src=\"https:\/\/riskcompass.info\/wp-content\/uploads\/2026\/04\/photo_2026-04-15-19.37.16-1232x688.jpeg\" class=\"attachment-post-thumbnail size-post-thumbnail wp-post-image\" alt=\"\" srcset=\"https:\/\/riskcompass.info\/wp-content\/uploads\/2026\/04\/photo_2026-04-15-19.37.16-1232x688.jpeg 1232w, https:\/\/riskcompass.info\/wp-content\/uploads\/2026\/04\/photo_2026-04-15-19.37.16-300x167.jpeg 300w, https:\/\/riskcompass.info\/wp-content\/uploads\/2026\/04\/photo_2026-04-15-19.37.16-1024x572.jpeg 1024w, https:\/\/riskcompass.info\/wp-content\/uploads\/2026\/04\/photo_2026-04-15-19.37.16-768x429.jpeg 768w, https:\/\/riskcompass.info\/wp-content\/uploads\/2026\/04\/photo_2026-04-15-19.37.16-1536x857.jpeg 1536w, https:\/\/riskcompass.info\/wp-content\/uploads\/2026\/04\/photo_2026-04-15-19.37.16-2048x1143.jpeg 2048w, https:\/\/riskcompass.info\/wp-content\/uploads\/2026\/04\/photo_2026-04-15-19.37.16-1920x1072.jpeg 1920w\" sizes=\"auto, (max-width: 1232px) 100vw, 1232px\" \/>        <\/a>\n    <\/div>\n    \t\t\t<\/div>\n\t\t\n\t\t<div class=\"post-content-body col-padding  \">\n\t\t\t\t\t\t\t<div class=\"space-bottom-small\">\n\t\t\t\t\t<a href=\"https:\/\/riskcompass.info\/?cat=1\"  class=\"button color5 link \">Allgemein<\/a>\t\t\t\t<\/div>\n\t\t\t\n\t\t\t<h4 class=\"latest-news-item-title\">\n\t\t\t\t<a href=\"https:\/\/riskcompass.info\/?p=418225\" rel=\"bookmark\">\n\t\t\t\t\tNahost-Krise trifft Auslandsmessen: Deutsche Wirtschaft sp\u00fcrt direkte Konsequenzen\t\t\t\t<\/a>\n\t\t\t<\/h4>\n\n\t\t\t\n\t\t\t<div class=\"latest-news-item-excerpt\">\n\t\t\t\t<p>Die j\u00fcngste milit\u00e4rische Eskalation in der Golf-Region hat weitreichende Auswirkungen auf die internationalen Gesch\u00e4ftsaktivit\u00e4ten der[&hellip;]<\/p>\n\t\t\t<\/div>\n\n\n\t\t<\/div>\n\t\t\t\t\t\t\t<div class=\"mdc-card__actions box-padding-lr-small text-dark\">\n\t\t\t\t<div class=\"mdc-card__action-icons col-xs-12 text-dark col-sm-fit no-padding-left\">\n\t\t\t\t\t\t<a class=\"post-footer-link\" href=\"https:\/\/riskcompass.info\/?p=418225\">\n\t\t<i class=\"mdi small mdi-comment-outline mdc-card__action mdc-card__action--icon color-darkgray\" title=\"Comments\"><\/i>\n\t\t<span class=\"post-footer-value\">0<\/span>\n\t<\/a>\n\t<a class=\"post-footer-link\" href=\"https:\/\/riskcompass.info\/?p=418225\">\n\t\t<i class=\"mdi small mdi-clock mdc-card__action mdc-card__action--icon color-darkgray\" title=\"Post Time\"><\/i>\n\t\t<span class=\"post-footer-value\">16. April 2026<\/span>\n\t<\/a>\n\t\t\t\t\t<\/div>\n\t\t\t\t<div class=\"mdc-card__action-buttons col-xs-12 col-sm-fit no-padding\">\n\t\t\t\t\t<a href=\"https:\/\/riskcompass.info\/?p=418225\" class=\"button color2 link\">Weiterlesen<\/a>\n\t\t\t\t<\/div>\n\t\t\t<\/div>\n\t\t\t<\/div>\n\t\t\t\t<\/div>\n\t\t\t\t\t\t<div id=\"post-413097\" class=\"col-sm-6 col-md-4 space-bottom space-bottom-xs\">\n\t\t\t\t\t<div class=\"post-content no-padding  mdc-card overflow-hidden mdc-elevation--z2 latest-news-layout-cards\">\n\t\t\t\t\t<div class=\"\">\n\t\t\t\t\t\t\t<\/div>\n\t\t\n\t\t<div class=\"post-content-body col-padding  \">\n\t\t\t\t\t\t\t<div class=\"space-bottom-small\">\n\t\t\t\t\t<a href=\"https:\/\/riskcompass.info\/?cat=210\"  class=\"button color5 link \">Analysen<\/a><span class='has-more-categories'>[&hellip;]<\/span>\t\t\t\t<\/div>\n\t\t\t\n\t\t\t<h4 class=\"latest-news-item-title\">\n\t\t\t\t<a href=\"https:\/\/riskcompass.info\/?p=413097\" rel=\"bookmark\">\n\t\t\t\t\tKI in der Reisebranche: Zwischen Effizienzgewinn und neuen Betrugsrisiken\t\t\t\t<\/a>\n\t\t\t<\/h4>\n\n\t\t\t\n\t\t\t<div class=\"latest-news-item-excerpt\">\n\t\t\t\t<p>K\u00fcnstliche Intelligenz (KI) revolutioniert die Reisebranche in einem atemberaubenden Tempo. Laut dem Deutschen Reiseverband (DRV)[&hellip;]<\/p>\n\t\t\t<\/div>\n\n\n\t\t<\/div>\n\t\t\t\t\t\t\t<div class=\"mdc-card__actions box-padding-lr-small text-dark\">\n\t\t\t\t<div class=\"mdc-card__action-icons col-xs-12 text-dark col-sm-fit no-padding-left\">\n\t\t\t\t\t\t<a class=\"post-footer-link\" href=\"https:\/\/riskcompass.info\/?p=413097\">\n\t\t<i class=\"mdi small mdi-comment-outline mdc-card__action mdc-card__action--icon color-darkgray\" title=\"Comments\"><\/i>\n\t\t<span class=\"post-footer-value\">0<\/span>\n\t<\/a>\n\t<a class=\"post-footer-link\" href=\"https:\/\/riskcompass.info\/?p=413097\">\n\t\t<i class=\"mdi small mdi-clock mdc-card__action mdc-card__action--icon color-darkgray\" title=\"Post Time\"><\/i>\n\t\t<span class=\"post-footer-value\">8. April 2026<\/span>\n\t<\/a>\n\t\t\t\t\t<\/div>\n\t\t\t\t<div class=\"mdc-card__action-buttons col-xs-12 col-sm-fit no-padding\">\n\t\t\t\t\t<a href=\"https:\/\/riskcompass.info\/?p=413097\" class=\"button color2 link\">Weiterlesen<\/a>\n\t\t\t\t<\/div>\n\t\t\t<\/div>\n\t\t\t<\/div>\n\t\t\t\t<\/div>\n\t\t\t\t\t\t<div id=\"post-413096\" class=\"col-sm-6 col-md-4 space-bottom space-bottom-xs\">\n\t\t\t\t\t<div class=\"post-content no-padding  mdc-card overflow-hidden mdc-elevation--z2 latest-news-layout-cards\">\n\t\t\t\t\t<div class=\"\">\n\t\t\t\t\t\t\t<\/div>\n\t\t\n\t\t<div class=\"post-content-body col-padding  \">\n\t\t\t\t\t\t\t<div class=\"space-bottom-small\">\n\t\t\t\t\t<a href=\"https:\/\/riskcompass.info\/?cat=26\"  class=\"button color5 link \">Reisesicherheit<\/a><span class='has-more-categories'>[&hellip;]<\/span>\t\t\t\t<\/div>\n\t\t\t\n\t\t\t<h4 class=\"latest-news-item-title\">\n\t\t\t\t<a href=\"https:\/\/riskcompass.info\/?p=413096\" rel=\"bookmark\">\n\t\t\t\t\tReiserisiken 2026: Cyberangriffe und mangelnde Krisenkommunikation\t\t\t\t<\/a>\n\t\t\t<\/h4>\n\n\t\t\t\n\t\t\t<div class=\"latest-news-item-excerpt\">\n\t\t\t\t<p>Die Risikolandschaft f\u00fcr Gesch\u00e4ftsreisende hat sich im Fr\u00fchjahr 2026 drastisch versch\u00e4rft. Neben geopolitischen Spannungen r\u00fccken[&hellip;]<\/p>\n\t\t\t<\/div>\n\n\n\t\t<\/div>\n\t\t\t\t\t\t\t<div class=\"mdc-card__actions box-padding-lr-small text-dark\">\n\t\t\t\t<div class=\"mdc-card__action-icons col-xs-12 text-dark col-sm-fit no-padding-left\">\n\t\t\t\t\t\t<a class=\"post-footer-link\" href=\"https:\/\/riskcompass.info\/?p=413096\">\n\t\t<i class=\"mdi small mdi-comment-outline mdc-card__action mdc-card__action--icon color-darkgray\" title=\"Comments\"><\/i>\n\t\t<span class=\"post-footer-value\">0<\/span>\n\t<\/a>\n\t<a class=\"post-footer-link\" href=\"https:\/\/riskcompass.info\/?p=413096\">\n\t\t<i class=\"mdi small mdi-clock mdc-card__action mdc-card__action--icon color-darkgray\" title=\"Post Time\"><\/i>\n\t\t<span class=\"post-footer-value\">8. April 2026<\/span>\n\t<\/a>\n\t\t\t\t\t<\/div>\n\t\t\t\t<div class=\"mdc-card__action-buttons col-xs-12 col-sm-fit no-padding\">\n\t\t\t\t\t<a href=\"https:\/\/riskcompass.info\/?p=413096\" class=\"button color2 link\">Weiterlesen<\/a>\n\t\t\t\t<\/div>\n\t\t\t<\/div>\n\t\t\t<\/div>\n\t\t\t\t<\/div>\n\t\t\t\t\t\t<div id=\"post-413090\" class=\"col-sm-6 col-md-4 space-bottom space-bottom-xs\">\n\t\t\t\t\t<div class=\"post-content no-padding  mdc-card overflow-hidden mdc-elevation--z2 latest-news-layout-cards\">\n\t\t\t\t\t<div class=\"\">\n\t\t\t\t    <div class=\"post-thumbnail\">\n        <a href=\"https:\/\/riskcompass.info\/?p=413090\" class=\"post-list-item-thumb \">\n            <img loading=\"lazy\" decoding=\"async\" width=\"1232\" height=\"688\" src=\"https:\/\/riskcompass.info\/wp-content\/uploads\/2026\/04\/artikel_A_ees-scaled-1-1232x688.png\" class=\"attachment-post-thumbnail size-post-thumbnail wp-post-image\" alt=\"\" srcset=\"https:\/\/riskcompass.info\/wp-content\/uploads\/2026\/04\/artikel_A_ees-scaled-1-1232x688.png 1232w, https:\/\/riskcompass.info\/wp-content\/uploads\/2026\/04\/artikel_A_ees-scaled-1-300x167.png 300w, https:\/\/riskcompass.info\/wp-content\/uploads\/2026\/04\/artikel_A_ees-scaled-1-1024x572.png 1024w, https:\/\/riskcompass.info\/wp-content\/uploads\/2026\/04\/artikel_A_ees-scaled-1-768x429.png 768w, https:\/\/riskcompass.info\/wp-content\/uploads\/2026\/04\/artikel_A_ees-scaled-1-1536x857.png 1536w, https:\/\/riskcompass.info\/wp-content\/uploads\/2026\/04\/artikel_A_ees-scaled-1-2048x1143.png 2048w, https:\/\/riskcompass.info\/wp-content\/uploads\/2026\/04\/artikel_A_ees-scaled-1-1920x1072.png 1920w\" sizes=\"auto, (max-width: 1232px) 100vw, 1232px\" \/>        <\/a>\n    <\/div>\n    \t\t\t<\/div>\n\t\t\n\t\t<div class=\"post-content-body col-padding  \">\n\t\t\t\t\t\t\t<div class=\"space-bottom-small\">\n\t\t\t\t\t<a href=\"https:\/\/riskcompass.info\/?cat=14\"  class=\"button color5 link \">Business Travel<\/a><span class='has-more-categories'>[&hellip;]<\/span>\t\t\t\t<\/div>\n\t\t\t\n\t\t\t<h4 class=\"latest-news-item-title\">\n\t\t\t\t<a href=\"https:\/\/riskcompass.info\/?p=413090\" rel=\"bookmark\">\n\t\t\t\t\tEU Entry\/Exit System (EES) startet: Massive Auswirkungen auf Gesch\u00e4ftsreisende\t\t\t\t<\/a>\n\t\t\t<\/h4>\n\n\t\t\t\n\t\t\t<div class=\"latest-news-item-excerpt\">\n\t\t\t\t<p>Am 10. April 2026 erreicht das lang erwartete Entry\/Exit System (EES) der Europ\u00e4ischen Union seine[&hellip;]<\/p>\n\t\t\t<\/div>\n\n\n\t\t<\/div>\n\t\t\t\t\t\t\t<div class=\"mdc-card__actions box-padding-lr-small text-dark\">\n\t\t\t\t<div class=\"mdc-card__action-icons col-xs-12 text-dark col-sm-fit no-padding-left\">\n\t\t\t\t\t\t<a class=\"post-footer-link\" href=\"https:\/\/riskcompass.info\/?p=413090\">\n\t\t<i class=\"mdi small mdi-comment-outline mdc-card__action mdc-card__action--icon color-darkgray\" title=\"Comments\"><\/i>\n\t\t<span class=\"post-footer-value\">0<\/span>\n\t<\/a>\n\t<a class=\"post-footer-link\" href=\"https:\/\/riskcompass.info\/?p=413090\">\n\t\t<i class=\"mdi small mdi-clock mdc-card__action mdc-card__action--icon color-darkgray\" title=\"Post Time\"><\/i>\n\t\t<span class=\"post-footer-value\">8. April 2026<\/span>\n\t<\/a>\n\t\t\t\t\t<\/div>\n\t\t\t\t<div class=\"mdc-card__action-buttons col-xs-12 col-sm-fit no-padding\">\n\t\t\t\t\t<a href=\"https:\/\/riskcompass.info\/?p=413090\" class=\"button color2 link\">Weiterlesen<\/a>\n\t\t\t\t<\/div>\n\t\t\t<\/div>\n\t\t\t<\/div>\n\t\t\t\t<\/div>\n\t\t\t\t<\/div>\n\t<\/div><\/div> <div  class=\"row\"><div  class=\"col-xs-12 text-center\"> <a  class=\"button mdc-ripple-upgraded color-gray small no-shadow color1 link\" data-attr-shortcode=\"href:materialis_blog_link\" href=\"https:\/\/riskcompass.info\/?post_type=post\" data-icon=\"\">\u2026 weiter zum RiskCompass-Blog<\/a><\/div> <\/div><\/div><\/div><!-- \/wp:extendstudio\/materialis--><!-- wp:extendstudio\/materialis--><!-- \/wp:extendstudio\/materialis--><!-- wp:extendstudio\/materialis--><!-- \/wp:extendstudio\/materialis-->","protected":false},"excerpt":{"rendered":"<p>\u2026 weiter zum RiskCompass-Blog<\/p>\n","protected":false},"author":1,"featured_media":0,"parent":0,"menu_order":0,"comment_status":"closed","ping_status":"closed","template":"page-templates\/homepage.php","meta":{"footnotes":""},"class_list":["post-883","page","type-page","status-publish","hentry"],"_links":{"self":[{"href":"https:\/\/riskcompass.info\/index.php?rest_route=\/wp\/v2\/pages\/883","targetHints":{"allow":["GET"]}}],"collection":[{"href":"https:\/\/riskcompass.info\/index.php?rest_route=\/wp\/v2\/pages"}],"about":[{"href":"https:\/\/riskcompass.info\/index.php?rest_route=\/wp\/v2\/types\/page"}],"author":[{"embeddable":true,"href":"https:\/\/riskcompass.info\/index.php?rest_route=\/wp\/v2\/users\/1"}],"replies":[{"embeddable":true,"href":"https:\/\/riskcompass.info\/index.php?rest_route=%2Fwp%2Fv2%2Fcomments&post=883"}],"version-history":[{"count":122,"href":"https:\/\/riskcompass.info\/index.php?rest_route=\/wp\/v2\/pages\/883\/revisions"}],"predecessor-version":[{"id":418585,"href":"https:\/\/riskcompass.info\/index.php?rest_route=\/wp\/v2\/pages\/883\/revisions\/418585"}],"wp:attachment":[{"href":"https:\/\/riskcompass.info\/index.php?rest_route=%2Fwp%2Fv2%2Fmedia&parent=883"}],"curies":[{"name":"wp","href":"https:\/\/api.w.org\/{rel}","templated":true}]}}